{"id":36,"date":"2012-09-09T13:37:37","date_gmt":"2012-09-09T13:37:37","guid":{"rendered":"http:\/\/foerderkreis-arco-iris.de\/?page_id=36"},"modified":"2017-08-14T12:44:13","modified_gmt":"2017-08-14T12:44:13","slug":"aufnahme","status":"publish","type":"page","link":"http:\/\/foerderkreis-arco-iris.de\/index.php\/aufnahme\/","title":{"rendered":"Aufnahme-Antrag"},"content":{"rendered":"<div id=\"pl-36\"  class=\"panel-layout\" ><div id=\"pg-36-0\"  class=\"panel-grid panel-has-style\" ><div style=\"padding-top: 30px; padding-bottom: 30px; \" class=\"panel-row-style panel-row-style-for-36-0\" ><div id=\"pgc-36-0-0\"  class=\"panel-grid-cell\" ><div id=\"panel-36-0-0-0\" class=\"so-panel widget widget_text panel-first-child panel-last-child\" data-index=\"0\" ><div class=\"panel-widget-style panel-widget-style-for-36-0-0-0\" ><h3 class=\"widget-title\">Aufnahme-Antrag<\/h3>\t\t\t<div class=\"textwidget\"><p style=\"text-align: center;\">Sie wollen auch Teil des F\u00f6rderkreises werden und sich in die Vereinsarbeit einbringen? Sie m\u00f6chten die Stra\u00dfenkinder in Bolivien gerne mit einem kleinen Betrag unterst\u00fctzen? Dann sind Sie hier genau richtig!<\/p>\n<p style=\"text-align: center;\">Mit einem Klick auf&nbsp;<a href=\"http:\/\/foerderkreis-arco-iris.de\/wp-content\/uploads\/2012\/09\/Kopie-von-AUFNAHMEANTRAG-NEU-.doc\">AUFNAHMEANTRAG<\/a>&nbsp;\u00f6ffnet sich ein Word-Dokument.<\/p>\n<\/div>\n\t\t<\/div><\/div><\/div><\/div><\/div><\/div>","protected":false},"excerpt":{"rendered":"<div id=\"pl-36\"  class=\"panel-layout\" >\n<div id=\"pg-36-0\"  class=\"panel-grid panel-has-style\"  data-style=\"{&quot;background&quot;:&quot;#0000&quot;,&quot;background_image_attachment&quot;:&quot;883&quot;,&quot;background_display&quot;:&quot;cover&quot;,&quot;cell_alignment&quot;:&quot;flex-start&quot;,&quot;top-padding&quot;:&quot;30px&quot;,&quot;bottom-padding&quot;:&quot;30px&quot;}\"  data-color-label=\"5\" >\n<div style=\"padding-top: 30px; padding-bottom: 30px; \" class=\"panel-row-style panel-row-style-for-36-0\" >\n<div id=\"pgc-36-0-0\"  class=\"panel-grid-cell\"  data-style=\"{&quot;background_display&quot;:&quot;tile&quot;,&quot;vertical_alignment&quot;:&quot;auto&quot;}\"  data-weight=\"1\" >\n<div id=\"panel-36-0-0-0\" class=\"so-panel widget widget_text panel-first-child panel-last-child\" data-index=\"0\" data-style=\"{&quot;padding&quot;:&quot;0% 10% 10% 10%&quot;,&quot;background_display&quot;:&quot;tile&quot;}\" >\n<div class=\"panel-widget-style panel-widget-style-for-36-0-0-0\" >\n<h3 class=\"widget-title\">Aufnahme-Antrag<\/h3>\n<div class=\"textwidget\">\n<p style=\"text-align: center;\">Sie wollen auch Teil des F\u00f6rderkreises werden und sich in die Vereinsarbeit einbringen? Sie m\u00f6chten die Stra\u00dfenkinder in Bolivien gerne mit einem kleinen Betrag unterst\u00fctzen? Dann sind Sie hier genau richtig!<\/p>\n<p style=\"text-align: center;\">Mit einem Klick auf&nbsp;<a href=\"http:\/\/foerderkreis-arco-iris.de\/wp-content\/uploads\/2012\/09\/Kopie-von-AUFNAHMEANTRAG-NEU-.doc\">AUFNAHMEANTRAG<\/a>&nbsp;\u00f6ffnet sich ein Word-Dokument.<\/p>\n<\/div><\/div>\n<\/div>\n<\/div>\n<\/div>\n<\/div>\n<\/div>\n","protected":false},"author":1,"featured_media":0,"parent":0,"menu_order":0,"comment_status":"closed","ping_status":"closed","template":"page-templates\/template_fullwidth.php","meta":{"ngg_post_thumbnail":0,"footnotes":""},"class_list":["post-36","page","type-page","status-publish","hentry","col-sm-6"],"_links":{"self":[{"href":"http:\/\/foerderkreis-arco-iris.de\/index.php\/wp-json\/wp\/v2\/pages\/36","targetHints":{"allow":["GET"]}}],"collection":[{"href":"http:\/\/foerderkreis-arco-iris.de\/index.php\/wp-json\/wp\/v2\/pages"}],"about":[{"href":"http:\/\/foerderkreis-arco-iris.de\/index.php\/wp-json\/wp\/v2\/types\/page"}],"author":[{"embeddable":true,"href":"http:\/\/foerderkreis-arco-iris.de\/index.php\/wp-json\/wp\/v2\/users\/1"}],"replies":[{"embeddable":true,"href":"http:\/\/foerderkreis-arco-iris.de\/index.php\/wp-json\/wp\/v2\/comments?post=36"}],"version-history":[{"count":0,"href":"http:\/\/foerderkreis-arco-iris.de\/index.php\/wp-json\/wp\/v2\/pages\/36\/revisions"}],"wp:attachment":[{"href":"http:\/\/foerderkreis-arco-iris.de\/index.php\/wp-json\/wp\/v2\/media?parent=36"}],"curies":[{"name":"wp","href":"https:\/\/api.w.org\/{rel}","templated":true}]}}

<div id="pl-36"  class="panel-layout" ><div id="pg-36-0"  class="panel-grid panel-has-style" ><div style="padding-top: 30px; padding-bottom: 30px; " class="panel-row-style panel-row-style-for-36-0" ><div id="pgc-36-0-0"  class="panel-grid-cell" ><div id="panel-36-0-0-0" class="so-panel widget widget_text panel-first-child panel-last-child" data-index="0" ><div class="panel-widget-style panel-widget-style-for-36-0-0-0" ><h3 class="widget-title">Aufnahme-Antrag</h3>			<div class="textwidget"><p style="text-align: center;">Sie wollen auch Teil des Förderkreises werden und sich in die Vereinsarbeit einbringen? Sie möchten die Straßenkinder in Bolivien gerne mit einem kleinen Betrag unterstützen? Dann sind Sie hier genau richtig!</p>
<p style="text-align: center;">Mit einem Klick auf&nbsp;<a href="http://foerderkreis-arco-iris.de/wp-content/uploads/2012/09/Kopie-von-AUFNAHMEANTRAG-NEU-.doc">AUFNAHMEANTRAG</a>&nbsp;öffnet sich ein Word-Dokument.</p>
</div>
		</div></div></div></div></div></div>

<div id="pl-36"  class="panel-layout" >
<div id="pg-36-0"  class="panel-grid panel-has-style"  data-style="{&quot;background&quot;:&quot;#0000&quot;,&quot;background_image_attachment&quot;:&quot;883&quot;,&quot;background_display&quot;:&quot;cover&quot;,&quot;cell_alignment&quot;:&quot;flex-start&quot;,&quot;top-padding&quot;:&quot;30px&quot;,&quot;bottom-padding&quot;:&quot;30px&quot;}"  data-color-label="5" >
<div style="padding-top: 30px; padding-bottom: 30px; " class="panel-row-style panel-row-style-for-36-0" >
<div id="pgc-36-0-0"  class="panel-grid-cell"  data-style="{&quot;background_display&quot;:&quot;tile&quot;,&quot;vertical_alignment&quot;:&quot;auto&quot;}"  data-weight="1" >
<div id="panel-36-0-0-0" class="so-panel widget widget_text panel-first-child panel-last-child" data-index="0" data-style="{&quot;padding&quot;:&quot;0% 10% 10% 10%&quot;,&quot;background_display&quot;:&quot;tile&quot;}" >
<div class="panel-widget-style panel-widget-style-for-36-0-0-0" >
<h3 class="widget-title">Aufnahme-Antrag</h3>
<div class="textwidget">
<p style="text-align: center;">Sie wollen auch Teil des Förderkreises werden und sich in die Vereinsarbeit einbringen? Sie möchten die Straßenkinder in Bolivien gerne mit einem kleinen Betrag unterstützen? Dann sind Sie hier genau richtig!</p>
<p style="text-align: center;">Mit einem Klick auf&nbsp;<a href="http://foerderkreis-arco-iris.de/wp-content/uploads/2012/09/Kopie-von-AUFNAHMEANTRAG-NEU-.doc">AUFNAHMEANTRAG</a>&nbsp;öffnet sich ein Word-Dokument.</p>
</div></div>
</div>
</div>
</div>
</div>
</div>
